{"id":2433,"date":"2024-09-16T00:12:01","date_gmt":"2024-09-15T22:12:01","guid":{"rendered":"https:\/\/beklear.fr\/?page_id=2433"},"modified":"2025-03-07T13:27:01","modified_gmt":"2025-03-07T12:27:01","slug":"nous-contacter","status":"publish","type":"page","link":"https:\/\/beklear.fr\/index.php\/nous-contacter\/","title":{"rendered":"Nous contacter"},"content":{"rendered":"\t\t<div data-elementor-type=\"wp-page\" data-elementor-id=\"2433\" class=\"elementor elementor-2433\" data-elementor-post-type=\"page\">\n\t\t\t\t<div class=\"elementor-element elementor-element-da777f6 e-con-full e-flex e-con e-parent\" data-id=\"da777f6\" data-element_type=\"container\" data-settings=\"{&quot;background_background&quot;:&quot;classic&quot;}\">\n\t\t<div class=\"elementor-element elementor-element-bf8bd9e e-flex e-con-boxed e-con e-child\" data-id=\"bf8bd9e\" data-element_type=\"container\">\n\t\t\t\t\t<div class=\"e-con-inner\">\n\t\t\t\t<div class=\"elementor-element elementor-element-12d47ae elementor-widget__width-initial elementor-widget-mobile__width-initial elementor-widget elementor-widget-heading\" data-id=\"12d47ae\" data-element_type=\"widget\" data-widget_type=\"heading.default\">\n\t\t\t\t<div class=\"elementor-widget-container\">\n\t\t\t\t\t<h2 class=\"elementor-heading-title elementor-size-default\">Contactez<br>nous<\/h2>\t\t\t\t<\/div>\n\t\t\t\t<\/div>\n\t\t\t\t<div class=\"elementor-element elementor-element-9333cc7 elementor-widget__width-initial elementor-widget elementor-widget-image\" data-id=\"9333cc7\" data-element_type=\"widget\" data-widget_type=\"image.default\">\n\t\t\t\t<div class=\"elementor-widget-container\">\n\t\t\t\t\t\t\t\t\t\t\t\t\t\t\t<img decoding=\"async\" width=\"144\" height=\"146\" src=\"https:\/\/beklear.fr\/wp-content\/uploads\/2024\/01\/Logo-icon-.svg\" class=\"attachment-large size-large wp-image-1216\" alt=\"Beklear l&#039;agence qui fait briller les marques Corses ambitieuses\" \/>\t\t\t\t\t\t\t\t\t\t\t\t\t\t\t<\/div>\n\t\t\t\t<\/div>\n\t\t\t\t\t<\/div>\n\t\t\t\t<\/div>\n\t\t<div class=\"elementor-element elementor-element-666ec9c e-flex e-con-boxed e-con e-child\" data-id=\"666ec9c\" data-element_type=\"container\">\n\t\t\t\t\t<div class=\"e-con-inner\">\n\t\t<div class=\"elementor-element elementor-element-5b1c615 e-con-full e-flex e-con e-child\" data-id=\"5b1c615\" data-element_type=\"container\">\n\t\t<div class=\"elementor-element elementor-element-5e5414c e-flex e-con-boxed e-con e-child\" data-id=\"5e5414c\" data-element_type=\"container\">\n\t\t\t\t\t<div class=\"e-con-inner\">\n\t\t\t\t<div class=\"elementor-element elementor-element-a0b7c34 elementor-view-default elementor-widget elementor-widget-icon\" data-id=\"a0b7c34\" data-element_type=\"widget\" data-widget_type=\"icon.default\">\n\t\t\t\t<div class=\"elementor-widget-container\">\n\t\t\t\t\t\t\t<div class=\"elementor-icon-wrapper\">\n\t\t\t<div class=\"elementor-icon\">\n\t\t\t<svg xmlns=\"http:\/\/www.w3.org\/2000\/svg\" width=\"48\" height=\"33\" viewBox=\"0 0 48 33\" fill=\"none\"><path d=\"M1.5 12.75H10.5\" stroke=\"#FC4F00\" stroke-width=\"2\" stroke-linecap=\"round\"><\/path><path d=\"M6 19.75H10.5\" stroke=\"#FC4F00\" stroke-width=\"2\" stroke-linecap=\"round\"><\/path><path d=\"M18.5 9.75L27.4495 15.8734C27.7828 16.1014 28.2206 16.1066 28.5592 15.8865L38 9.75\" stroke=\"#FC4F00\" stroke-width=\"2\" stroke-linecap=\"round\"><\/path><path d=\"M10 6.75C10 1.75 11 1.25 14 1.25C18 1.25 34.6667 1.25 42.5 1.25C43.8333 1.41667 46.5 2.65 46.5 6.25C46.5 9.85 46.5 21.4167 46.5 26.75C46.5 28.25 45.5 31.25 41.5 31.25C37.5 31.25 21.8333 31.25 14.5 31.25C11.5 31.25 10 30.15 10 25.75\" stroke=\"#FC4F00\" stroke-width=\"2\" stroke-linecap=\"round\"><\/path><\/svg>\t\t\t<\/div>\n\t\t<\/div>\n\t\t\t\t\t\t<\/div>\n\t\t\t\t<\/div>\n\t\t\t\t<div class=\"elementor-element elementor-element-6560b33 elementor-widget elementor-widget-text-editor\" data-id=\"6560b33\" data-element_type=\"widget\" data-widget_type=\"text-editor.default\">\n\t\t\t\t<div class=\"elementor-widget-container\">\n\t\t\t\t\t\t\t\t\tMail<br>\n\n<span style=\"text-decoration: underline;\"><a class=\"email-de-contact-mailto\" href=\"mailto:@kylian.beklear@gmail.com \">kylian.beklear@gmail.com\n<\/a><\/span>\t\t\t\t\t\t\t\t<\/div>\n\t\t\t\t<\/div>\n\t\t\t\t\t<\/div>\n\t\t\t\t<\/div>\n\t\t<div class=\"elementor-element elementor-element-b45c48e e-flex e-con-boxed e-con e-child\" data-id=\"b45c48e\" data-element_type=\"container\" data-settings=\"{&quot;background_background&quot;:&quot;classic&quot;}\">\n\t\t\t\t\t<div class=\"e-con-inner\">\n\t\t\t\t<div class=\"elementor-element elementor-element-c257022 elementor-view-default elementor-widget elementor-widget-icon\" data-id=\"c257022\" data-element_type=\"widget\" data-widget_type=\"icon.default\">\n\t\t\t\t<div class=\"elementor-widget-container\">\n\t\t\t\t\t\t\t<div class=\"elementor-icon-wrapper\">\n\t\t\t<div class=\"elementor-icon\">\n\t\t\t<svg xmlns=\"http:\/\/www.w3.org\/2000\/svg\" width=\"32\" height=\"32\" viewBox=\"0 0 32 32\" fill=\"none\"><path d=\"M23.8414 18.2551L23.4418 19.1718L23.8414 18.2551C23.2503 17.9974 22.6916 18.013 22.2147 18.2273C21.8455 18.3931 21.5779 18.6661 21.48 18.766C21.4704 18.7758 21.4624 18.7839 21.4561 18.7901L21.4474 18.7987L21.439 18.8075C21.0622 19.1985 20.5441 19.9151 20.1185 20.5066C20.0821 20.5571 20.0462 20.6071 20.0107 20.6564C19.8262 20.9131 19.6543 21.1522 19.5024 21.3567C19.3526 21.5583 19.2481 21.6907 19.1854 21.7636C19.1658 21.7599 19.1425 21.7538 19.117 21.7448C19.0987 21.7383 19.0825 21.7314 19.0693 21.7251C19.0628 21.722 19.0576 21.7193 19.0538 21.7173C19.05 21.7152 19.0482 21.7141 19.0483 21.7141L18.9881 21.677L18.9233 21.6486C17.9917 21.2416 15.4896 20.0245 13.5169 17.9421C12.2444 16.5988 11.6003 15.7271 11.22 15.1138C11.0301 14.8077 10.899 14.5549 10.7821 14.3193C10.7611 14.277 10.7397 14.2332 10.7176 14.1883C10.6234 13.9962 10.519 13.7833 10.4014 13.5814C10.3661 13.5208 10.3507 13.4799 10.3441 13.4576C10.348 13.4523 10.353 13.4458 10.3592 13.4381L9.57672 12.8153L10.3592 13.4381C10.9413 12.7066 11.7372 11.5889 12.1044 11.0173C12.4685 10.4504 12.4583 9.82073 12.3994 9.39136C12.3423 8.97524 12.2132 8.57766 12.1341 8.33416C12.1293 8.31954 12.1248 8.30547 12.1204 8.29199C11.4159 6.11468 10.7914 4.20159 10.27 3.06111C9.86296 2.17086 9.27417 1.64457 8.53835 1.40881C8.00205 1.23698 7.41509 1.24538 7.02434 1.25097C6.96178 1.25187 6.90424 1.25269 6.85275 1.25269C5.61082 1.25269 4.26327 2.02359 3.26447 3.24495C2.23661 4.50185 1.5 6.3147 1.5 8.59984C1.5 12.3135 3.02708 16.2389 7.71466 21.8682C12.3164 27.3945 18.4378 30.3488 23.663 30.2475C26.4665 30.1931 28.222 28.8233 29.236 27.2357C30.2148 25.7031 30.5 23.9852 30.5 23.0649C30.5 21.9992 29.8916 21.2982 29.2567 21.0386C29.0057 20.9073 28.7211 20.7582 28.4166 20.5986C26.7402 19.72 24.4591 18.5244 23.8414 18.2551Z\" stroke=\"#FC4F00\" stroke-width=\"2\"><\/path><\/svg>\t\t\t<\/div>\n\t\t<\/div>\n\t\t\t\t\t\t<\/div>\n\t\t\t\t<\/div>\n\t\t\t\t<div class=\"elementor-element elementor-element-27d666a elementor-widget elementor-widget-text-editor\" data-id=\"27d666a\" data-element_type=\"widget\" data-widget_type=\"text-editor.default\">\n\t\t\t\t<div class=\"elementor-widget-container\">\n\t\t\t\t\t\t\t\t\tT\u00e9l\u00e9phone<br>\n\n<span style=\"text-decoration: underline;\"><a class=\"email-de-contact-mailto\" href=\"tel:+33 6 26 07 67 50\">+33 6 26 07 67 50<\/a><\/span>\t\t\t\t\t\t\t\t<\/div>\n\t\t\t\t<\/div>\n\t\t\t\t\t<\/div>\n\t\t\t\t<\/div>\n\t\t\t\t<\/div>\n\t\t<div class=\"elementor-element elementor-element-22a2cf8 e-con-full e-flex e-con e-child\" data-id=\"22a2cf8\" data-element_type=\"container\">\n\t\t\t\t<div class=\"elementor-element elementor-element-9a8ddb3 primo elementor-button-align-start elementor-widget elementor-widget-form\" data-id=\"9a8ddb3\" data-element_type=\"widget\" data-settings=\"{&quot;step_next_label&quot;:&quot;Next&quot;,&quot;step_previous_label&quot;:&quot;Previous&quot;,&quot;step_type&quot;:&quot;number_text&quot;,&quot;step_icon_shape&quot;:&quot;circle&quot;}\" data-widget_type=\"form.default\">\n\t\t\t\t<div class=\"elementor-widget-container\">\n\t\t\t\t\t\t\t<form class=\"elementor-form\" method=\"post\" name=\"New Form\">\n\t\t\t<input type=\"hidden\" name=\"post_id\" value=\"2433\"\/>\n\t\t\t<input type=\"hidden\" name=\"form_id\" value=\"9a8ddb3\"\/>\n\t\t\t<input type=\"hidden\" name=\"referer_title\" value=\"\" \/>\n\n\t\t\t\n\t\t\t<div class=\"elementor-form-fields-wrapper elementor-labels-above\">\n\t\t\t\t\t\t\t\t<div class=\"elementor-field-type-text elementor-field-group elementor-column elementor-field-group-field_3820a49 elementor-col-100 elementor-field-required\">\n\t\t\t\t\t\t\t\t\t\t\t\t\t<input size=\"1\" type=\"text\" name=\"form_fields[field_3820a49]\" id=\"form-field-field_3820a49\" class=\"elementor-field elementor-size-sm  elementor-field-textual\" placeholder=\"Votre nom\" required=\"required\">\n\t\t\t\t\t\t\t\t\t\t\t<\/div>\n\t\t\t\t\t\t\t\t<div class=\"elementor-field-type-text elementor-field-group elementor-column elementor-field-group-field_82043b5 elementor-col-100 elementor-field-required\">\n\t\t\t\t\t\t\t\t\t\t\t\t\t<input size=\"1\" type=\"text\" name=\"form_fields[field_82043b5]\" id=\"form-field-field_82043b5\" class=\"elementor-field elementor-size-sm  elementor-field-textual\" placeholder=\"Votre pr\u00e9nom\" required=\"required\">\n\t\t\t\t\t\t\t\t\t\t\t<\/div>\n\t\t\t\t\t\t\t\t<div class=\"elementor-field-type-email elementor-field-group elementor-column elementor-field-group-field_c598e4f elementor-col-100 elementor-field-required\">\n\t\t\t\t\t\t\t\t\t\t\t\t\t<input size=\"1\" type=\"email\" name=\"form_fields[field_c598e4f]\" id=\"form-field-field_c598e4f\" class=\"elementor-field elementor-size-sm  elementor-field-textual\" placeholder=\"Votre email\" required=\"required\">\n\t\t\t\t\t\t\t\t\t\t\t<\/div>\n\t\t\t\t\t\t\t\t<div class=\"elementor-field-type-text elementor-field-group elementor-column elementor-field-group-field_fc3bfb7 elementor-col-100\">\n\t\t\t\t\t\t\t\t\t\t\t\t\t<input size=\"1\" type=\"text\" name=\"form_fields[field_fc3bfb7]\" id=\"form-field-field_fc3bfb7\" class=\"elementor-field elementor-size-sm  elementor-field-textual\" placeholder=\"Votre message\">\n\t\t\t\t\t\t\t\t\t\t\t<\/div>\n\t\t\t\t\t\t\t\t<div class=\"elementor-field-type-text elementor-field-group elementor-column elementor-field-group-field_7966c48 elementor-col-100 elementor-field-required\">\n\t\t\t\t\t\t\t\t\t\t\t\t\t<input size=\"1\" type=\"text\" name=\"form_fields[field_7966c48]\" id=\"form-field-field_7966c48\" class=\"elementor-field elementor-size-sm  elementor-field-textual\" placeholder=\"Votre num\u00e9ro de t\u00e9l\u00e9phone\" required=\"required\">\n\t\t\t\t\t\t\t\t\t\t\t<\/div>\n\t\t\t\t\t\t\t\t<div class=\"elementor-field-group elementor-column elementor-field-type-submit elementor-col-100 e-form__buttons\">\n\t\t\t\t\t<button class=\"elementor-button elementor-size-sm\" type=\"submit\">\n\t\t\t\t\t\t<span class=\"elementor-button-content-wrapper\">\n\t\t\t\t\t\t\t\t\t\t\t\t\t\t\t\t\t\t\t\t\t\t<span class=\"elementor-button-text\">Envoyer<\/span>\n\t\t\t\t\t\t\t\t\t\t\t\t\t<\/span>\n\t\t\t\t\t<\/button>\n\t\t\t\t<\/div>\n\t\t\t<\/div>\n\t\t<\/form>\n\t\t\t\t\t\t<\/div>\n\t\t\t\t<\/div>\n\t\t\t\t<\/div>\n\t\t\t\t\t<\/div>\n\t\t\t\t<\/div>\n\t\t\t\t<\/div>\n\t\t\t\t<\/div>\n\t\t","protected":false},"excerpt":{"rendered":"<p>Contacteznous Mail kylian.beklear@gmail.com T\u00e9l\u00e9phone +33 6 26 07 67 50<\/p>\n","protected":false},"author":1,"featured_media":0,"parent":0,"menu_order":3,"comment_status":"closed","ping_status":"closed","template":"","meta":{"_acf_changed":false,"_monsterinsights_skip_tracking":false,"_monsterinsights_sitenote_active":false,"_monsterinsights_sitenote_note":"","_monsterinsights_sitenote_category":0,"footnotes":""},"class_list":["post-2433","page","type-page","status-publish","hentry"],"acf":[],"_links":{"self":[{"href":"https:\/\/beklear.fr\/index.php\/wp-json\/wp\/v2\/pages\/2433","targetHints":{"allow":["GET"]}}],"collection":[{"href":"https:\/\/beklear.fr\/index.php\/wp-json\/wp\/v2\/pages"}],"about":[{"href":"https:\/\/beklear.fr\/index.php\/wp-json\/wp\/v2\/types\/page"}],"author":[{"embeddable":true,"href":"https:\/\/beklear.fr\/index.php\/wp-json\/wp\/v2\/users\/1"}],"replies":[{"embeddable":true,"href":"https:\/\/beklear.fr\/index.php\/wp-json\/wp\/v2\/comments?post=2433"}],"version-history":[{"count":48,"href":"https:\/\/beklear.fr\/index.php\/wp-json\/wp\/v2\/pages\/2433\/revisions"}],"predecessor-version":[{"id":3542,"href":"https:\/\/beklear.fr\/index.php\/wp-json\/wp\/v2\/pages\/2433\/revisions\/3542"}],"wp:attachment":[{"href":"https:\/\/beklear.fr\/index.php\/wp-json\/wp\/v2\/media?parent=2433"}],"curies":[{"name":"wp","href":"https:\/\/api.w.org\/{rel}","templated":true}]}}